its digit of (-7 + 11 - 8)*(-7)/((-28)/(-233))?
3
Suppose 3*l - 9 = 0, -3*o - 6*l = -11*l - 2148. What is the hundreds digit of o?
7
Let i(a) be the third derivative of -a**4/24 + 85*a**3/6 + 3*a**2 + 17*a. What is the units digit of i(-10)?
5
Suppose 8 + 13 = q. Suppose q*m - 80 = 16*m. Suppose -6*w - 120 = -m*w. What is the tens digit of w?
1
Suppose 6*h + 26011 = 25*h. Suppose -c + 644 = 2*p, 5*p - 3*c - h = 219. What is the hundreds digit of p?
3
Let s = 48507 - 36837. What is the thousands digit of s?
1
Let n be 650/52*(0 + 228). Let y = -1769 + n. What is the hundreds digit of y?
0
Suppose -2*z - z = 4*f - 63232, -4*z = -5*f - 84299. What is the ten thousands digit of z?
2
Let y(g) = -5*g**2 + 3*g + 6. Let h be y(-4). Let a = h + 79. What is the units digit of (a - -90)*(-1 + 2)?
3
Suppose 56*k = 117*k - 64*k, 45414 = j + 5*k. What is the hundreds digit of j?
4
Suppose 529*z - 24077875 = 6911474. What is the units digit of z?
1
Let s be 1/3*(3 - 6) + -99. Let o be (-4)/(-18) - s/36. Suppose 0*f - o*a - 370 = -2*f, -2*f = 2*a - 360. What is the hundreds digit of f?
1
Let q(h) = h**2 - 8*h - 5. Let o be q(10). Suppose 8*v - o*v + 574 = 0. Suppose -23*j + v = -21*j. What is the units digit of j?
1
Suppose -t - 3*n = -12, 20 = -8*t + 3*t + 5*n. Suppose -2*r - 4*j + 278 = -t*j, 6 = -3*j. What is the tens digit of r?
4
Let d = 89521 - 41310. What is the ten thousands digit of d?
4
Let g(q) = -2 + 9*q + 1 - 1. Let n be g(1). Suppose n*a - 111 = 463. What is the units digit of a?
2
Let o be 0*(39/(-9) - -4). Let x = o - -2. Suppose x*u = 5*u - 195. What is the units digit of u?
5
Let u(x) = x**3 + 8*x**2 + 2*x + 3. Let b(c) = 8*c + 3 - 9*c + 8*c**2 + c**3 - 7*c + 0. Let o be b(-9). What is the tens digit of u(o)?
6
Let y = 2261 + -812. What is the thousands digit of y?
1
Let g = 27 - 29. Let l be (g - -385)/((-3 + 4)*-1). Let w = -233 - l. What is the tens digit of w?
5
Suppose -1887*o + 1114620 = -1835*o. What is the tens digit of o?
3
Let t = 35977 - 17896. What is the tens digit of t?
8
Let d be (1 + 76/(-16))*-132. Suppose -3*z + 5*c - 4*c + 301 = 0, 5*z = 3*c + d. What is the hundreds digit of z?
1
Suppose p = -2*i + 130, i = -p + 39 + 28. Suppose -9020 = -68*l + i*l. What is the hundreds digit of l?
8
Suppose j = -2*u + 73, -u = -j - 16 - 28. Let f(b) = b**2 - 17*b - 15. What is the tens digit of f(u)?
4
Let j = -28 - -84. Let w = -51 + j. Suppose 2*r + 153 = 5*t, -w*t + 5*r - 51 = -216. What is the units digit of t?
9
What is the hundreds digit of (284 + 4)*94/3*(-6)/(-4)?
5
Let b = -4286 + 6540. What is the units digit of b?
4
Suppose -6*g = 3*g + 171. Let k = 21 + g. What is the tens digit of k/((-118)/(-58) + -2)?
5
Let h = 160 + -147. Suppose -h*u - 1262 = -3303. What is the hundreds digit of u?
1
Let i be (-8)/(-28) - (-99)/21. Suppose 182 = -i*m - 2*m. Let t = m + 31. What is the units digit of t?
5
Let n(b) = 1090*b**3 + 2*b**2 - 6*b - 1. Let s be n(2). Suppose -s = -11*c + 2285. What is the tens digit of c?
0
Let n be -1 + 1/2 + 3/6. Suppose n = -2*h - 3 + 7. Suppose -h*t = -67 - 111. What is the units digit of t?
9
Suppose -5*b - 8 - 12 = -5*c, 0 = -3*c - 2*b + 17. Let i be 65 - (5/15)/((-2)/6). Suppose q - k - i = -2*k, q - 86 = -c*k. What is the units digit of q?
1
Let i be (-1)/(-4) - (-4)/(-16). Suppose -234 = 11*a - 24*a. Suppose i = 8*s - 126 - a. What is the units digit of s?
8
Let v(n) = n**3 + 17*n**2 + 41*n - 4. Let d be v(-14). Suppose 0 = -d*r - 738 - 322. Let j = -42 - r. What is the tens digit of j?
6
Let u = 1739 - 804. Let o = 2810 - u. What is the units digit of o?
5
Let o = 65 + -48. Let j(t) = -t**2 + 5*t + 21. Let a(h) = -h**2 + 6*h + 20. Let g(n) = -6*a(n) + 5*j(n). What is the tens digit of g(o)?
8
Let m(b) be the second derivative of -2*b**3/3 + 29*b**2/2 - 15*b. Suppose 14*k - 11*k = 21. What is the units digit of m(k)?
1
Let s(t) = 2*t**3 + 2*t - 169. Let i be s(0). Let u = i + 566. What is the tens digit of u?
9
Suppose 0 = -v + 4*v - 24. Let h(q) = 2*q**2 - 9*q - 12. Let c be h(v). Suppose 0*r + r - c = 0. What is the units digit of r?
4
Suppose 0 = 6*p + 141 + 771. Let v = p - -173. What is the units digit of v?
1
Suppose -2*j + c + 2253 = 0, 15*j + 2*c = 20*j - 5630. Suppose j*f - 1125*f = -736. What is the tens digit of f?
3
Let p = 39 + -56. Let w be 15/12 - p/(-4). Let v = 14 - w. What is the units digit of v?
7
What is the tens digit of 7*(2/(-8) + (30645615/(-196))/(-39))?
6
Suppose -69122 = -2*v - 4*u, -234*v - 2*u + 172741 = -229*v. What is the thousands digit of v?
4
Let k = 413 - 408. Suppose -k*h = -v - 4870, 70*v - 75*v = 25. What is the tens digit of h?
7
Let o = -93 + 54. Let z = -36 - o. What is the tens digit of (z*30)/(19/38)?
8
Suppose -5*n + 4*b - 492 = 56, 4*b = -n - 100. Let i = n + 321. Suppose -i + 29 = -2*r. What is the tens digit of r?
9
Suppose -4*l + 3*u + 149463 = 0, 23*l - u + 74739 = 25*l. What is the tens digit of l?
6
Suppose -2*b - 4*i = -368, 1699*i = -3*b + 1695*i + 560. What is the units digit of b?
2
Suppose k - 147 = -5. Let p = k - -489. What is the units digit of p?
1
Let z(s) be the first derivative of 2*s**3 - 11*s**2/2 + 17*s + 3. What is the tens digit of z(8)?
1
Let t(g) = g**3 - 8*g**2 + 13*g - 4. Let d be t(6). Let h be 2*2*d/(-8) - -6. What is the hundreds digit of h/(-35)*12*-63?
1
Suppose 635*t - 3*a + 24139 = 637*t, -2*t + 5*a + 24099 = 0. What is the thousands digit of t?
2
Suppose 0*t + 8 = 2*t - 3*r, -t = r - 4. Suppose -t*h + 387 = 5*y - 8, 0 = 4*h - y - 425. Suppose -3*p + h = -0*p. What is the units digit of p?
5
What is the tens digit of (4/(-58) - ((-19594296)/(-2784) + 7))*-4?
8
Let k = -2002 + 1111. Let w = 2155 + k. What is the units digit of w?
4
Let f(z) = -z**3 - z**2 - 6*z + 8. Let d be f(7). Suppose -3*i + 42 = -6*i. What is the tens digit of (-8)/(-2) + 7/i*d?
1
Let y be (28/21)/((-12)/(-135)). Suppose -y*u + 9600 = 15*u. What is the tens digit of u?
2
Suppose 10*d - 5 - 35 = 0. Suppose h - d*k - 1252 = 0, -5*h + 0*k + 6335 = -5*k. What is the hundreds digit of h?
2
Let u(t) = 11*t**2 - t + 5. Let p be u(-8). Let o = 1072 - p. Suppose 5*r + 0*s - 420 = -s, -3*s = -4*r + o. What is the units digit of r?
5
Suppose 0 = -5*t + 5*s + 10, 19 = -5*t - 3*s + 5. Let l(p) = 767*p**2 + 4*p + 2. What is the units digit of l(t)?
5
Suppose 5*f - 2*q + 6367 = 0, -f + 4*q - 1443 + 166 = 0. Let z = -426 - f. What is the units digit of z?
7
Let i be -15*((-120)/(-18) - 7). Suppose 25*z = i*z + 12500. What is the tens digit of z?
2
Let b be ((-44)/(-12))/((-4)/(-12)). Suppose 3172 = -b*m + 15*m. What is the units digit of m?
3
Let p(j) = 6*j**3 - 8*j + 2. Let d be p(-3). Let o = 239 + d. What is the hundreds digit of o?
1
Let v = 1559 + -921. Let y = v - 589. What is the units digit of y?
9
Let j(a) = 35*a**2 - 20*a + 39. Let f be j(2). Suppose -125 = -f*q + 134*q. What is the units digit of q?
5
Suppose -4*i + 80 = -2*p, -5*i = p - 0*p - 114. Suppose 2*y = 4*t - i, -5*y + 29 = 7*t - 3*t. What is the tens digit of t + -2 - (-56 - (-1 - 2))?
5
Let h be (90/6)/(18/(-12)). What is the units digit of -6 - (h/(-3))/((-52)/22854)?
9
Let u be 2/((-2)/20*-5). Suppose 5*j + 5*m + 580 = 9*j, -4*j - u*m + 616 = 0. What is the units digit of j?
0
Let j = 228345 + -144818. What is the thousands digit of j?
3
What is the ten thousands digit of (-144)/(-1944) - 40/54 - (-67696)/6?
1
Suppose -58*j + 56*j - 39756 = -2*x, 4*x = 5*j + 79518. What is the tens digit of x?
7
Let x be -1*(1 - 2 - 2). Suppose x*o + 1 = k - 3, -4*o + 4*k - 8 = 0. What is the tens digit of (-4)/(o/(-28)*-2)?
5
Suppose -117 - 198 = -3*z. Let a = 115 - z. What is the units digit of a?
0
Let y(b) = 5*b**3 - 5*b**2 - 59*b + 16. What is the thousands digit of y(11)?
5
Let l(o) = -111*o**3 + 2*o**2 - 50*o + 14. What is the units digit of l(-5)?
9
Suppose 340*q - 2279166 = 372834. What is the thousands digit of q?
7
Let c(l) = -2*l - 2. Suppose 0 = -5*w - 1 - 9. Let f be c(w). Suppose -f*i - 10 = 0, 3*m - 1 + 3 = -i. What is the units digit of m?
1
Suppose 2*w - y = 609, -8*y = -4*w - 10*y + 1230. Let r = -1 + 3. Suppose 0 = -d - r*d + w. What is the hundreds digit of d?
1
Let v(w) = 15*w + 3. Let h be 8/(-6)*-3 - -11. Suppose 0 = 3*j + 3*n - h, -2*j + n + 10 = -2*n. What is the tens digit of v(j)?